ne l(16).
139
Let z(v) = -5*v - 26. Calculate z(0).
-26
Let g(d) = -d**3 + 3*d**2 - d - 2. Determine g(2).
0
Let a(h) = h**3 - 4*h**2 - 3. Determine a(4).
-3
Let a(m) = 7*m + 92. What is a(-19)?
-41
Let w(d) = -26*d - 74. Give w(-3).
4
Let p(i) = 7*i - 59. Give p(8).
-3
Let b(y) = -y**3 - 27*y**2 + 26*y - 60. Give b(-28).
-4
Let b(f) = f**2 + 2*f - 6. Determine b(-4).
2
Let l(k) = k**2 + 8*k - 36. Give l(3).
-3
Let o(v) = 3*v - 115. Calculate o(36).
-7
Let z(p) = 2*p**2 + 10*p + 3. Give z(-5).
3
Let m(q) = q - 2. Calculate m(5).
3
Let w(q) = q - 15. Give w(18).
3
Let z(w) = -w**3 - 21*w**2 - 20*w - 4. Determine z(-20).
-4
Let r(a) = -a**3 - 5*a**2 + 5*a + 2. What is r(-6)?
8
Let f(s) = s**3 + 5*s**2 - 6*s - 34. Give f(-5).
-4
Let y(l) = -18*l**2 - 6*l + 1. Calculate y(1).
-23
Let q(r) = -r**2 + 9*r + 6. Give q(10).
-4
Let o(r) = r**3 + 16*r**2 + r - 5. Give o(-16).
-21
Let o(v) = -v**3 + 3*v**2 - 4*v + 3. What is o(2)?
-1
Let a(y) = y**2 + 41*y - 129. Give a(-44).
3
Let y(t) = t**3 + 7*t**2 + 5*t - 2. Determine y(-4).
26
Let h(j) = j**3 - 11*j**2 + 7*j - 6. Calculate h(11).
71
Let u(s) = -3*s - 9. What is u(1)?
-12
Let c(i) = -i**2 + 7*i + 1. Give c(8).
-7
Let o(f) = f**3 - 5*f**2 - 2*f + 11. Determine o(5).
1
Let c(k) = -k**3 + 4*k**2 - 4*k - 2. Calculate c(2).
-2
Let g(w) = -w**2 + 34*w - 259. Determine g(12).
5
Let o(a) = -a**3 - 14*a**2 - 14*a + 27. Give o(-12).
-93
Let i(p) = p**2 + 21*p + 52. What is i(-3)?
-2
Let k(t) = -t**3 + 3*t**2 + 10*t - 11. What is k(6)?
-59
Let d(t) = t**3 + 12*t**2 - 29*t - 6. Give d(-14).
8
Let l(t) = t + 8. Give l(8).
16
Let y(i) = i**3 + 6*i**2 + 6*i + 1. Calculate y(-6).
-35
Let z(m) = m**3 + 9*m**2 - 7*m - 10. Calculate z(-10).
-40
Let b(n) = 61*n + 1095. Calculate b(-18).
-3
Let s(j) = j**2 + 26*j - 3. Determine s(-26).
-3
Let l(m) = -35*m + 79. What is l(6)?
-131
Let u(q) = q**2 - 13*q + 49. Calculate u(7).
7
Let a(y) = -2*y**3 + 17*y**2 - 6*y + 1. Determine a(8).
17
Let x(c) = c**3 - 2*c**2. What is x(2)?
0
Let o(s) = -s**3 - 14*s**2 + 70*s + 3. Determine o(-18).
39
Let r(q) = -q**2 - 3*q - 2. Calculate r(0).
-2
Let r(k) = -k**2 - 4*k + 13. Calculate r(-9).
-32
Let a(c) = -c**3 + 4*c**2 + 9*c + 7. Determine a(5).
27
Let i(h) = -6*h**3 - 3*h + 2. Determine i(1).
-7
Let s(p) = p - 5. Calculate s(-14).
-19
Let a(g) = -2*g - 8. Determine a(12).
-32
Let g(h) = h - 28. Calculate g(-5).
-33
Let l(v) = v**3 + v**2 - 4*v - 5. Determine l(-2).
-1
Let n(b) = 3*b - 5. Give n(-6).
-23
Let j(y) = 38*y + 3. What is j(3)?
117
Let n(w) = w**3 + 5*w**2 + 7*w + 4. Calculate n(-3).
1
Let y(v) = 10*v**2 + v. What is y(1)?
11
Let p(g) = -2*g**2 - 2*g + 1. Calculate p(1).
-3
Let i(w) = w**3 + 11*w**2 + 13*w + 13. Give i(-10).
-17
Let m(v) = -v**3 - 5*v**2 - 2*v - 51. Give m(-6).
-3
Let p(r) = 4*r**2 + 23*r - 3. Determine p(-5).
-18
Let d(t) = -11*t - 9. Determine d(-6).
57
Let i(r) = r**2 + 3*r + 17. What is i(-6)?
35
Let s(i) = i**2 - 11*i - 8. What is s(8)?
-32
Let v(m) = 8*m. Determine v(-3).
-24
Let u(f) = f**3 - 10*f**2 + 3*f + 5. Determine u(10).
35
Let u(l) = -2*l**3 - l**2 - 3*l + 6. What is u(0)?
6
Let m(h) = -2*h**2 + 9*h + 22. Give m(-3).
-23
Let n(h) = h**3 + 15*h**2 - 18*h - 20. What is n(-16)?
12
Let j(y) = -y**3 - 15*y**2 - 35*y + 16. Give j(-12).
4
Let o(q) = q**3 - q**2 + q - 5. What is o(3)?
16
Let m(k) = -61*k - 384. Determine m(-7).
43
Let l(m) = -2*m**2 + 18*m - 8. Determine l(8).
8
Let f(c) = -c**3 - 17*c**2 - 13*c + 22. Determine f(-16).
-26
Let o(q) = -q**3 + 7*q**2 + 7. What is o(7)?
7
Let b(n) = 15*n**2 + 123*n + 1. What is b(-8)?
-23
Let a(q) = q**3 - 8*q**2 + 12*q + 2. Determine a(6).
2
Let k(n) = n**3 - 13*n**2 - 16*n + 22. Give k(14).
-6
Let r(g) = -g + 16. Determine r(9).
7
Let u(q) = 7*q - 63. Give u(8).
-7
Let k(y) = y**3 - 3*y**2 + y - 2. What is k(3)?
1
Let w(c) = 9*c + 297. Give w(-33).
0
Let n(p) = -13*p**3 + 4*p**2 + 3*p + 1. Determine n(-1).
15
Let a(w) = -w**2 + 8*w - 20. Calculate a(4).
-4
Let s(q) = q - 8. What is s(0)?
-8
Let r(f) = -f**3 - 7*f**2 + 9*f. What is r(-8)?
-8
Let q(b) = b**2 - 4*b + 3. What is q(5)?
8
Let z(y) = -y**3 - 9*y**2 - 4*y - 10. Give z(-8).
-42
Let r(m) = m**3 + 8*m**2 + 6*m + 9. Give r(-7).
16
Let w(c) = -6*c**3 - 1. Calculate w(2).
-49
Let c(i) = i**2 - 2*i + 6. Determine c(13).
149
Let l(g) = g**2 - 23*g - 477. What is l(-13)?
-9
Let d(c) = 2*c**2 - 28*c - 3. Determine d(14).
-3
Let j(b) = b**2 - 3*b + 2. Determine j(2).
0
Let z(q) = -q**2 - 21*q + 43. What is z(-23)?
-3
Let y(u) = -52*u**2 - 3*u - 1. Give y(-1).
-50
Let m(q) = q**3 - 5*q**2 - 4*q - 6. What is m(6)?
6
Let a(x) = x**2 - x - 19. What is a(0)?
-19
Let l(p) = -p**3 + 12*p**2 + 4*p - 4. What is l(12)?
44
Let p(j) = j**3 - 21*j**2 + 21*j + 35. Give p(20).
55
Let d(f) = -9*f - 4. Calculate d(-3).
23
Let r(a) = 4*a**2 - 8*a + 2. Give r(2).
2
Let v(j) = 10*j - 19. Calculate v(3).
11
Let s(r) = -r**2 + 5*r - 47. Give s(11).
-113
Let l(g) = g**3 + 4*g**2 + 6*g + 1. Determine l(-3).
-8
Let z(d) = -3*d + 4. Determine z(7).
-17
Let g(u) = u**2 - 8*u - 3. Determine g(10).
17
Let k(v) = v**3 - 2*v**2 - v + 6. Give k(3).
12
Let i(x) = -x**2 + 37*x + 4. Calculate i(37).
4
Let d(n) = n**3 + 6*n**2 + n + 19. Calculate d(-7).
-37
Let i(q) = -q - 3. Give i(-6).
3
Let x(m) = 2*m**2 - 48*m + 80. Determine x(23).
34
Let j(o) = o**3 - 7*o**2 - 6*o. What is j(8)?
16
Let j(d) = -12*d**2 - 8*d + 3. Calculate j(-1).
-1
Let w(j) = -4*j + 13. What is w(0)?
13
Let z(s) = 2*s**2 - 10*s + 8. Calculate z(2).
-4
Let q(j) = 21*j - 102. Give q(5).
3
Let u(l) = -l**3 + 7*l**2 + 33*l - 36. Calculate u(10).
-6
Let c(o) = -o**3 + 10*o**2 - 2*o + 7. Calculate c(10).
-13
Let r(m) = -7*m + 7. Calculate r(-7).
56
Let n(q) = -q**3 + 19*q**2 - 34*q - 4. Calculate n(2).
-4
Let k(f) = -54*f - 383. Give k(-7).
-5
Let g(l) = -l**2 + 14*l - 34. What is g(11)?
-1
Let a(v) = v**2 - 9*v - 4. Give a(7).
-18
Let h(j) = -j**2 - 9*j - 14. Calculate h(-7).
0
Let v(o) = -4*o + 21. Give v(4).
5
Let q(z) = z. Give q(14).
14
Let z(o) = o - 7. What is z(4)?
-3
Let s(q) = -q**3 + 14*q**2 + 14*q + 13. Determine s(15).
-2
Let z(o) = -o**2 - 2*o - 18. Calculate z(0).
-18
Let o(p) = p**2 - 7*p - 55. What is o(14)?
43
Let k(b) = -b**3 + 26*b**2 + 56*b + 18. What is k(28)?
18
Let i(x) = -2*x - 60. Determine i(0).
-60
Let u(b) = -7*b - 29. Give u(0).
-29
Let x(t) = -t**3 + 9*t**2 - t + 4. What is x(9)?
-5
Let z(b) = -10*b + 126. Give z(10).
26
Let j(y) = -46*y + 1. Calculate j(-1).
47
Let z(j) = -j**3 + 2*j**2 + 13*j + 20. Calculate z(-2).
10
Let a(h) = -55*h - 263. What is a(-5)?
12
Let g(d) = -3*d**2 - 22*d + 21. Give g(-8).
5
Let y(q) = q**2 - 8*q - 11. Give y(9).
-2
Let t(g) = -g + 18. Give t(14).
4
Let q(c) = 3*c + 2. What is q(4)?
14
Let k(t) = -5*t - 22. Determine k(-4).
-2
Let o(v) = -v**2 + 6*v + 10. Give o(7).
3
Let z(o) = -o - 32. Give z(16).
-48
Let d(x) = 3*x + 1. What is d(7)?
22
Let u(w) = w**3 - 8*w**2 + 6*w + 8. Calculate u(7).
1
Let r(q) = -q**2 + 15*q - 11. Calculate r(8).
45
Let f(d) = -d**2 - 8*d - 14. What is f(-6)?
-2
Let h(u) = -18*u - 12. Calculate h(-5).
78
Let d(m) = -8*m**2 + 2*m + 5. Determine d(-3).
-73
Let o(a) = -a**3 + 4*a + 10. What is o(3)?
-5
Let c(m) = m - 14. Determine c(11).
-3
Let n(v) = -v**2 - 2*v + 4. Determine n(4).
-20
Let h(d) = d**2 + 32*d - 107. What is h(-36)?
37
Let z(f) = 5*f - 13. Calculate z(-7).
-48
Let y(j) = -j**3 + 20*j**2 + 19*j + 15. Give y(21).
-27
Let b(a) = -9*a - 342. Calculate b(-40).
18
Let d(c) = 2*c - 18. Calculate d(5).
-8
Let y(m) = m**3 - 33*m**2 + 34*m - 49. Calculate y(32).
15
Let t(i) = -5*i - 1. Give t(-1).
4
Let c(y) = -y**2 + 13*y + 3. Determine c(13).
3
Let w(n) = n**3 + 13*n**2 + 15*n + 30. What is w(-12)?
-6
Let n(j) = -14*j - 9. Calculate n(1).
-23
Let l(y) = -3*y**2 - 7*y + 5. Calculate l(4).
-71
Let q(j) = 3*j**2 - 14*j + 2. Give q(5).
7
Let k(b) = -11*b + 7. What is k(5)?
-48
Let g(p) = -p**3 - 4*p**2 - 3*p - 6. Calculate g(-4).
6
Let v(f) = f**3 - 16*f**2 - 15*f - 31. Calculate v(17).
3
Let g(s) = -s + 22. Determine g(21).
1
Let d(q) = q - 41. Calculate d(19).
-22
Let t(m) = m**2 + 10*m - 13. Calculate t(-11).
-2
Let u(t) = 5*t - 44. Determine u(7).
-9
Let s(q) = q**2 + q - 59. Determine s(0).
-59
Let g(o) = -o**3 + 3*o**2 + o + 16. Calculate g(5).
-29
Let f(g) = -5*g + 9. What